e 9.
-13154
Convert 3613 (base 7) to base 16.
535
-11200200 (base 4) to base 15
-6a40
What is -233120 (base 5) in base 11?
-645a
What is 5876 (base 10) in base 4?
1123310
Convert 24602 (base 7) to base 12.
38b2
Convert -38716 (base 9) to base 8.
-62761
Convert 31b (base 16) to base 7.
2214
Convert 2ea8 (base 15) to base 3.
111210112
-2616 (base 11) to base 7
-12633
125 (base 14) to base 7
445
-5c0 (base 13) to base 11
-830
1011000010 (base 2) to base 8
1302
-1214 (base 8) to base 6
-3004
724 (base 11) to base 16
369
Convert 66 (base 7) to base 5.
143
Convert -869 (base 10) to base 16.
-365
What is -2040342 (base 5) in base 11?
-23480
-13002 (base 4) to base 16
-1c2
Convert -6742 (base 9) to base 15.
-171e
-11351 (base 6) to base 9
-2234
-36400 (base 10) to base 15
-abba
-95 (base 11) to base 8
-150
What is 1782 (base 10) in base 9?
2400
2eb (base 15) to base 5
10141
Convert -3111 (base 6) to base 13.
-412
Convert -10100100011 (base 2) to base 14.
-69d
What is -52546 (base 7) in base 3?
-122210101
Convert 749b (base 12) to base 2.
11000111110111
Convert 112112200 (base 3) to base 2.
10100101101010
What is 103230 (base 6) in base 13?
3b4c
Convert 5fc3 (base 16) to base 9.
36558
Convert 100210001 (base 3) to base 15.
21a4
What is 87b8 (base 16) in base 11?
24116
-2001112010 (base 3) to base 14
-10a72
Convert -686 (base 11) to base 10.
-820
-1602 (base 7) to base 5
-10024
-110010001 (base 2) to base 9
-485
Convert -3c19 (base 14) to base 12.
-617b
-1976 (base 10) to base 9
-2635
Convert 2599 (base 10) to base 13.
124c
-3090b (base 13) to base 10
-87215
Convert -3320 (base 6) to base 9.
-1043
Convert 212202212 (base 3) to base 7.
101345
What is 68a6 (base 11) in base 12?
52ba
-243202 (base 5) to base 16
-23d9
Convert -165011 (base 7) to base 11.
-22822
-46243 (base 7) to base 15
-3761
What is 9d (base 15) in base 6?
404
What is -101000001111111 (base 2) in base 8?
-50177
What is -7421 (base 8) in base 5?
-110412
-43c4 (base 13) to base 14
-3635
What is 14da (base 14) in base 8?
7210
What is -1558 (base 12) in base 16?
-9d4
Convert -1177 (base 12) to base 9.
-2621
Convert 1111010001101 (base 2) to base 13.
3738
79a8 (base 12) to base 9
20482
What is 8119 (base 10) in base 13?
3907
What is 401 (base 9) in base 15?
16a
Convert 1647 (base 13) to base 3.
11111010
Convert 313 (base 16) to base 5.
11122
Convert 522a (base 11) to base 8.
15421
Convert 2212010 (base 3) to base 7.
6033
Convert -1011000101011 (base 2) to base 13.
-2777
What is -12202 (base 4) in base 16?
-1a2
Convert 100000 (base 3) to base 2.
11110011
What is 3313 (base 7) in base 6?
5254
What is -1210210121 (base 3) in base 10?
-35575
What is 141405 (base 6) in base 2?
11010000001101
Convert -3431 (base 5) to base 4.
-13223
-2101120011 (base 3) to base 15
-de2a
Convert -2 (base 8) to base 15.
-2
Convert -247 (base 16) to base 8.
-1107
-1100101000110 (base 2) to base 5
-201340
What is 10 (base 6) in base 12?
6
What is -20aa (base 11) in base 16?
-ade
What is -112 (base 4) in base 3?
-211
220222201 (base 3) to base 4
10130221
7ab (base 15) to base 9
2338
1113c (base 15) to base 8
152012
Convert 6657 (base 11) to base 3.
110000222
What is -eef (base 16) in base 12?
-2267
Convert -102 (base 12) to base 8.
-222
What is -11101111 (base 2) in base 7?
-461
What is 63036 (base 9) in base 13?
15c0c
Convert 1222210122 (base 3) to base 12.
1a845
Convert 26116 (base 9) to base 12.
a220
What is 15051 (base 7) in base 3?
12200210
-11120201 (base 4) to base 8
-53041
What is -210211110 (base 3) in base 8?
-37053
Convert 6093 (base 11) to base 12.
4820
What is 4022 (base 6) in base 9?
1175
Convert 3130132 (base 4) to base 8.
33436
Convert -10110100010 (base 2) to base 14.
-750
520 (base 8) to base 10
336
Convert 2687 (base 11) to base 8.
6633
894a (base 12) to base 9
22734
-22044 (base 6) to base 10
-3052
-915 (base 10) to base 13
-555
-1241352 (base 6) to base 9
-112835
-73660 (base 8) to base 12
-15894
Convert -1951a (base 11) to base 9.
-41333
Convert -16413 (base 7) to base 8.
-11071
-2323013 (base 4) to base 5
-340400
What is -45305 (base 11) in base 13?
-23b12
Convert -21320 (base 6) to base 15.
-d03
2033 (base 5) to base 11
224
10011001011000 (base 2) to base 16
2658
-651 (base 13) to base 15
-4c0
Convert -202022 (base 3) to base 13.
-332
10134 (base 6) to base 5
20404
458 (base 14) to base 6
3554
-1155 (base 8) to base 13
-38a
What is -32034 (base 5) in base 2?
-100001100000
Convert -17c (base 16) to base 6.
-1432
-48b (base 15) to base 8
-2007
What is 5553 (base 7) in base 4?
133032
What is -3c (base 13) in base 12?
-43
b2bf (base 16) to base 4
23022333
Convert -431 (base 5) to base 15.
-7b
-111331 (base 5) to base 8
-7576
What is 370 (base 11) in base 8?
670
Convert 627 (base 13) to base 16.
417
-21010 (base 3) to base 7
-363
Convert -1434 (base 6) to base 12.
-27a
440304 (base 5) to base 16
3ae7
Convert -10101100001111 (base 2) to base 15.
-33ed
Convert 251206 (base 7) to base 4.
23033302
Convert -515 (base 10) to base 7.
-1334
Convert -11130000 (base 4) to base 15.
-68ec
18067 (base 9) to base 8
30246
-2a9a (base 13) to base 8
-14103
What is -212100 (base 3) in base 13?
-396
992 (base 11) to base 4
102212
Convert -110111000011 (base 2) to base 8.
-6703
224 (base 14) to base 9
521
What is -221111110 (base 3) in base 14?
-6aba
What is 10110211122 (base 3) in base 4?
100230320
Convert -112313 (base 5) to base 8.
-7763
What is -100100101011 (base 2) in base 5?
-33342
Convert -2742 (base 11) to base 2.
-110111100011
10244 (base 7) to base 4
213203
Convert -10568 (base 10) to base 9.
-15442
303143 (base 5) to base 11
73a8
7003 (base 8) to base 11
2771
Convert -11201011 (base 3) to base 7.
-13003
What is 3410 (base 7) in base 2?
10011010000
-a6 (base 11) to base 5
-431
What is 255 (base 15) in base 4?
20102
What is 1432 (base 6) in base 10?
380
788 (base 10) to base 8
1424
Convert 6 (base 14) to base 9.
6
What is 0 (base 9) in base 16?
0
What is 79 (base 15) in base 10?
114
Convert 3150 (base 9) to base 12.
1409
Convert -c3b (base 15) to base 9.
-3702
What is -1614 (base 10) in base 9?
-2183
What is -5554 (base 8) in base 13?
-143c
What is 992 (base 10) in base 6?
4332
What is -51352 (base 6) in base 8?
-15264
5370 (base 10) to base 16
14fa
-539 (base 15) to base 13
-6c9
What is -14133 (base 5) in base 3?
-1121021
What is -ce (base 15) in base 16?
-c2
What is -12a0 (base 11) in base 6?
-11443
7407 (base 15) to base 6
305324
Convert -6366 (base 7) to base 10.
-2253
Convert 113033 (base 6) to base 14.
379b
What is -200000 (base 3) in base 11?
-402
3144 (base 5) to base 16
1a8
-4778 (base 9) to base 6
-24242
What is 2058a (base 12) in base 9?
64017
Convert 746d (base 16) to base 7.
152616
What is -c7 (base 15) in base 9?
-227
What is 2a1a (base 11) in base 2?
111100110101
What is 37353 (base 8) in base 16?
3eeb
Convert -10110111111 (base 2) to base 9.
-2014
-117 (base 9) to base 4
-1201
33360 (base 7) to base 14
30d7
Convert -13d3 (base 16) to base 13.
-2405
1001011011 (base 3) to base 7
113560
-742 (base 9) to base 10
-605
What is -1303 (base 14) in base 3?
-11120112
-438 (base 15) to base 8
-1671
-2238 (base 13) to base 4
-1022223
Convert -1030 (base 7) to base 2.
-101101100
Convert 10110001000 (base 2) to base 5.
21131
Convert 1057 (base 15) to base 5.
102312
Convert 2614 (base 15) to base 12.
4847
What is 3b1e (base 15) in base 10?
12629
Convert 3756 (base 8) to base 16.
7ee
Convert -145602 (base 8) to base 2.
-1100101110000010
What is 1073 (base 10) in base 13?
647
407 (base 8) to base 11
21a
Convert 102122212 (base 3) to base 16.
2135
What is 87a2 (base 11) in base 8?
26527
1011120211 (base 3) to base 15
6c51
-128 (base 11) to base 5
-1101
Convert -20213 (base 4) to base 6.
-2315
1101022101 (base 3) to base 10
27199
1011100010101 (base 2) to base 11
4492
Convert 49a (base 11) to base 6.
2425
-6 (base 13) to base 2
-110
149 (base 11) to base 10
174
What is -4304 (base 8) in base 3?
-10002010
Convert 40234 (base 7) to base 14.
378b
Convert 13121 (base 4) to base 13.
2a5
What is 6a4 (base 12) in base 4?
33130
8058 (base 9) to base 15
1b25
Convert 41629 (base 10) to base 13.
15c43
5652 (base 7) to base 13
c15
Convert 110001 (base 3) to base 16.
145
505126 (base 7) to base 9
140644
Convert 525e (base